{"id":954,"date":"2022-07-11T13:18:29","date_gmt":"2022-07-11T13:18:29","guid":{"rendered":"https:\/\/btgumiabroncs.hu\/?page_id=954"},"modified":"2023-01-12T10:04:11","modified_gmt":"2023-01-12T10:04:11","slug":"gumiszerviz","status":"publish","type":"page","link":"https:\/\/btgumiabroncs.hu\/?page_id=954","title":{"rendered":"Gumiszerviz"},"content":{"rendered":"\t\t<div data-elementor-type=\"wp-page\" data-elementor-id=\"954\" class=\"elementor elementor-954\">\n\t\t\t\t\t\t\t\t\t<section class=\"elementor-section elementor-top-section elementor-element elementor-element-84b7fe3 elementor-section-boxed elementor-section-height-default elementor-section-height-default\" data-id=\"84b7fe3\" data-element_type=\"section\">\n\t\t\t\t\t\t<div class=\"elementor-container elementor-column-gap-default\">\n\t\t\t\t\t<div class=\"elementor-column elementor-col-100 elementor-top-column elementor-element elementor-element-31410d6\" data-id=\"31410d6\" data-element_type=\"column\">\n\t\t\t<div class=\"elementor-widget-wrap elementor-element-populated\">\n\t\t\t\t\t\t\t\t<div class=\"elementor-element elementor-element-a6b7745 elementor-widget elementor-widget-spacer\" data-id=\"a6b7745\" data-element_type=\"widget\" data-widget_type=\"spacer.default\">\n\t\t\t\t<div class=\"elementor-widget-container\">\n\t\t\t<style>\/*! elementor - v3.6.7 - 03-07-2022 *\/\n.e-container.e-container--row .elementor-spacer-inner{width:var(--spacer-size)}.e-container.e-container--column .elementor-spacer-inner,.elementor-column .elementor-spacer-inner{height:var(--spacer-size)}<\/style>\t\t<div class=\"elementor-spacer\">\n\t\t\t<div class=\"elementor-spacer-inner\"><\/div>\n\t\t<\/div>\n\t\t\t\t<\/div>\n\t\t\t\t<\/div>\n\t\t\t\t\t<\/div>\n\t\t<\/div>\n\t\t\t\t\t\t\t<\/div>\n\t\t<\/section>\n\t\t\t\t<section class=\"elementor-section elementor-top-section elementor-element elementor-element-da35461 elementor-section-content-middle elementor-section-boxed elementor-section-height-default elementor-section-height-default\" data-id=\"da35461\" data-element_type=\"section\">\n\t\t\t\t\t\t\t<div class=\"elementor-background-overlay\"><\/div>\n\t\t\t\t\t\t\t<div class=\"elementor-container elementor-column-gap-default\">\n\t\t\t\t\t<div class=\"elementor-column elementor-col-100 elementor-top-column elementor-element elementor-element-c33dd01\" data-id=\"c33dd01\" data-element_type=\"column\">\n\t\t\t<div class=\"elementor-widget-wrap elementor-element-populated\">\n\t\t\t\t\t\t\t\t<div class=\"elementor-element elementor-element-cfb68fe elementor-absolute elementor-invisible elementor-widget elementor-widget-heading\" data-id=\"cfb68fe\" data-element_type=\"widget\" data-settings=\"{&quot;_animation&quot;:&quot;bounce&quot;,&quot;_position&quot;:&quot;absolute&quot;}\" data-widget_type=\"heading.default\">\n\t\t\t\t<div class=\"elementor-widget-container\">\n\t\t\t<style>\/*! elementor - v3.6.7 - 03-07-2022 *\/\n.elementor-heading-title{padding:0;margin:0;line-height:1}.elementor-widget-heading .elementor-heading-title[class*=elementor-size-]>a{color:inherit;font-size:inherit;line-height:inherit}.elementor-widget-heading .elementor-heading-title.elementor-size-small{font-size:15px}.elementor-widget-heading .elementor-heading-title.elementor-size-medium{font-size:19px}.elementor-widget-heading .elementor-heading-title.elementor-size-large{font-size:29px}.elementor-widget-heading .elementor-heading-title.elementor-size-xl{font-size:39px}.elementor-widget-heading .elementor-heading-title.elementor-size-xxl{font-size:59px}<\/style><h2 class=\"elementor-heading-title elementor-size-default\">-Gumiszerviz-<\/h2>\t\t<\/div>\n\t\t\t\t<\/div>\n\t\t\t\t\t<\/div>\n\t\t<\/div>\n\t\t\t\t\t\t\t<\/div>\n\t\t<\/section>\n\t\t\t\t<section class=\"elementor-section elementor-top-section elementor-element elementor-element-68b4904 elementor-section-boxed elementor-section-height-default elementor-section-height-default\" data-id=\"68b4904\" data-element_type=\"section\">\n\t\t\t\t\t\t\t<div class=\"elementor-background-overlay\"><\/div>\n\t\t\t\t\t\t\t<div class=\"elementor-container elementor-column-gap-default\">\n\t\t\t\t\t<div class=\"elementor-column elementor-col-100 elementor-top-column elementor-element elementor-element-8abe14a\" data-id=\"8abe14a\" data-element_type=\"column\">\n\t\t\t<div class=\"elementor-widget-wrap elementor-element-populated\">\n\t\t\t\t\t\t\t\t<div class=\"elementor-element elementor-element-86b73a2 elementor-widget elementor-widget-text-editor\" data-id=\"86b73a2\" data-element_type=\"widget\" data-widget_type=\"text-editor.default\">\n\t\t\t\t<div class=\"elementor-widget-container\">\n\t\t\t<style>\/*! elementor - v3.6.7 - 03-07-2022 *\/\n.elementor-widget-text-editor.elementor-drop-cap-view-stacked .elementor-drop-cap{background-color:#818a91;color:#fff}.elementor-widget-text-editor.elementor-drop-cap-view-framed .elementor-drop-cap{color:#818a91;border:3px solid;background-color:transparent}.elementor-widget-text-editor:not(.elementor-drop-cap-view-default) .elementor-drop-cap{margin-top:8px}.elementor-widget-text-editor:not(.elementor-drop-cap-view-default) .elementor-drop-cap-letter{width:1em;height:1em}.elementor-widget-text-editor .elementor-drop-cap{float:left;text-align:center;line-height:1;font-size:50px}.elementor-widget-text-editor .elementor-drop-cap-letter{display:inline-block}<\/style>\t\t\t\t<p style=\"text-align: center;\">8-21coll-ig-<br \/>-Ker\u00e9k szerel\u00e9s\u00a0<br \/>-Centr\u00edroz\u00e1s-<br \/>-Defektjav\u00edt\u00e1s-<br \/>-Gumiabroncsok \u00daj \u00e9s haszn\u00e1lt-<br \/>-Felnik \u00daj \u00e9s haszn\u00e1lt-<br \/>-Felnijav\u00edt\u00e1s-<br \/>-TPMS szerviz-<br \/>-Gumi Hotel-<br \/>-Kieg\u00e9sz\u00edt\u0151 eszk\u00f6z\u00f6k-<\/p>\t\t\t\t\t\t<\/div>\n\t\t\t\t<\/div>\n\t\t\t\t<div class=\"elementor-element elementor-element-b477dbe e-transform elementor-widget elementor-widget-text-editor\" data-id=\"b477dbe\" data-element_type=\"widget\" data-settings=\"{&quot;_transform_translateX_effect&quot;:{&quot;unit&quot;:&quot;px&quot;,&quot;size&quot;:0,&quot;sizes&quot;:[]},&quot;_transform_translateY_effect&quot;:{&quot;unit&quot;:&quot;px&quot;,&quot;size&quot;:0,&quot;sizes&quot;:[]},&quot;_transform_translateX_effect_tablet&quot;:{&quot;unit&quot;:&quot;px&quot;,&quot;size&quot;:&quot;&quot;,&quot;sizes&quot;:[]},&quot;_transform_translateX_effect_mobile&quot;:{&quot;unit&quot;:&quot;px&quot;,&quot;size&quot;:&quot;&quot;,&quot;sizes&quot;:[]},&quot;_transform_translateY_effect_tablet&quot;:{&quot;unit&quot;:&quot;px&quot;,&quot;size&quot;:&quot;&quot;,&quot;sizes&quot;:[]},&quot;_transform_translateY_effect_mobile&quot;:{&quot;unit&quot;:&quot;px&quot;,&quot;size&quot;:&quot;&quot;,&quot;sizes&quot;:[]}}\" data-widget_type=\"text-editor.default\">\n\t\t\t\t<div class=\"elementor-widget-container\">\n\t\t\t\t\t\t\t<p style=\"text-align: center;\">( ker\u00e9kcsavarok, szelepek, tehermentes\u00edt\u0151 gy\u0171r\u0171k, ker\u00e9knyom\u00e1s szenzorok)<\/p>\t\t\t\t\t\t<\/div>\n\t\t\t\t<\/div>\n\t\t\t\t\t<\/div>\n\t\t<\/div>\n\t\t\t\t\t\t\t<\/div>\n\t\t<\/section>\n\t\t\t\t<section class=\"elementor-section elementor-top-section elementor-element elementor-element-4cb6b3b elementor-section-boxed elementor-section-height-default elementor-section-height-default\" data-id=\"4cb6b3b\" data-element_type=\"section\">\n\t\t\t\t\t\t<div class=\"elementor-container elementor-column-gap-default\">\n\t\t\t\t\t<div class=\"elementor-column elementor-col-50 elementor-top-column elementor-element elementor-element-5790c7a\" data-id=\"5790c7a\" data-element_type=\"column\">\n\t\t\t<div class=\"elementor-widget-wrap elementor-element-populated\">\n\t\t\t\t\t\t\t\t<div class=\"elementor-element elementor-element-bcc7b69 elementor-widget elementor-widget-image\" data-id=\"bcc7b69\" data-element_type=\"widget\" data-widget_type=\"image.default\">\n\t\t\t\t<div class=\"elementor-widget-container\">\n\t\t\t<style>\/*! elementor - v3.6.7 - 03-07-2022 *\/\n.elementor-widget-image{text-align:center}.elementor-widget-image a{display:inline-block}.elementor-widget-image a img[src$=\".svg\"]{width:48px}.elementor-widget-image img{vertical-align:middle;display:inline-block}<\/style>\t\t\t\t\t\t\t\t\t\t\t\t<img loading=\"lazy\" decoding=\"async\" width=\"768\" height=\"768\" src=\"https:\/\/btgumiabroncs.hu\/wp-content\/uploads\/2022\/07\/IMG_6331-768x768.jpg\" class=\"attachment-medium_large size-medium_large\" alt=\"\" srcset=\"https:\/\/btgumiabroncs.hu\/wp-content\/uploads\/2022\/07\/IMG_6331-768x768.jpg 768w, https:\/\/btgumiabroncs.hu\/wp-content\/uploads\/2022\/07\/IMG_6331-300x300.jpg 300w, https:\/\/btgumiabroncs.hu\/wp-content\/uploads\/2022\/07\/IMG_6331-1024x1024.jpg 1024w, https:\/\/btgumiabroncs.hu\/wp-content\/uploads\/2022\/07\/IMG_6331-150x150.jpg 150w, https:\/\/btgumiabroncs.hu\/wp-content\/uploads\/2022\/07\/IMG_6331-600x600.jpg 600w, https:\/\/btgumiabroncs.hu\/wp-content\/uploads\/2022\/07\/IMG_6331.jpg 1280w\" sizes=\"auto, (max-width: 768px) 100vw, 768px\" \/>\t\t\t\t\t\t\t\t\t\t\t\t\t\t\t<\/div>\n\t\t\t\t<\/div>\n\t\t\t\t\t<\/div>\n\t\t<\/div>\n\t\t\t\t<div class=\"elementor-column elementor-col-50 elementor-top-column elementor-element elementor-element-2be80f6\" data-id=\"2be80f6\" data-element_type=\"column\">\n\t\t\t<div class=\"elementor-widget-wrap elementor-element-populated\">\n\t\t\t\t\t\t\t\t<div class=\"elementor-element elementor-element-ed9810d elementor-widget elementor-widget-image\" data-id=\"ed9810d\" data-element_type=\"widget\" data-widget_type=\"image.default\">\n\t\t\t\t<div class=\"elementor-widget-container\">\n\t\t\t\t\t\t\t\t\t\t\t\t\t\t\t<img loading=\"lazy\" decoding=\"async\" width=\"768\" height=\"768\" src=\"https:\/\/btgumiabroncs.hu\/wp-content\/uploads\/2022\/07\/IMG_8390-768x768.jpg\" class=\"attachment-medium_large size-medium_large\" alt=\"\" srcset=\"https:\/\/btgumiabroncs.hu\/wp-content\/uploads\/2022\/07\/IMG_8390-768x768.jpg 768w, https:\/\/btgumiabroncs.hu\/wp-content\/uploads\/2022\/07\/IMG_8390-300x300.jpg 300w, https:\/\/btgumiabroncs.hu\/wp-content\/uploads\/2022\/07\/IMG_8390-1024x1024.jpg 1024w, https:\/\/btgumiabroncs.hu\/wp-content\/uploads\/2022\/07\/IMG_8390-150x150.jpg 150w, https:\/\/btgumiabroncs.hu\/wp-content\/uploads\/2022\/07\/IMG_8390-600x600.jpg 600w, https:\/\/btgumiabroncs.hu\/wp-content\/uploads\/2022\/07\/IMG_8390.jpg 1280w\" sizes=\"auto, (max-width: 768px) 100vw, 768px\" \/>\t\t\t\t\t\t\t\t\t\t\t\t\t\t\t<\/div>\n\t\t\t\t<\/div>\n\t\t\t\t\t<\/div>\n\t\t<\/div>\n\t\t\t\t\t\t\t<\/div>\n\t\t<\/section>\n\t\t\t\t<section class=\"elementor-section elementor-top-section elementor-element elementor-element-ef65fa8 elementor-section-boxed elementor-section-height-default elementor-section-height-default\" data-id=\"ef65fa8\" data-element_type=\"section\">\n\t\t\t\t\t\t<div class=\"elementor-container elementor-column-gap-default\">\n\t\t\t\t\t<div class=\"elementor-column elementor-col-50 elementor-top-column elementor-element elementor-element-dc681d9\" data-id=\"dc681d9\" data-element_type=\"column\">\n\t\t\t<div class=\"elementor-widget-wrap elementor-element-populated\">\n\t\t\t\t\t\t\t\t<div class=\"elementor-element elementor-element-6a14197 elementor-widget elementor-widget-image\" data-id=\"6a14197\" data-element_type=\"widget\" data-widget_type=\"image.default\">\n\t\t\t\t<div class=\"elementor-widget-container\">\n\t\t\t\t\t\t\t\t\t\t\t\t\t\t\t<img loading=\"lazy\" decoding=\"async\" width=\"1024\" height=\"1024\" src=\"https:\/\/btgumiabroncs.hu\/wp-content\/uploads\/2022\/07\/IMG_9553-1024x1024.jpg\" class=\"attachment-large size-large\" alt=\"\" srcset=\"https:\/\/btgumiabroncs.hu\/wp-content\/uploads\/2022\/07\/IMG_9553-1024x1024.jpg 1024w, https:\/\/btgumiabroncs.hu\/wp-content\/uploads\/2022\/07\/IMG_9553-300x300.jpg 300w, https:\/\/btgumiabroncs.hu\/wp-content\/uploads\/2022\/07\/IMG_9553-150x150.jpg 150w, https:\/\/btgumiabroncs.hu\/wp-content\/uploads\/2022\/07\/IMG_9553-768x768.jpg 768w, https:\/\/btgumiabroncs.hu\/wp-content\/uploads\/2022\/07\/IMG_9553-600x600.jpg 600w, https:\/\/btgumiabroncs.hu\/wp-content\/uploads\/2022\/07\/IMG_9553.jpg 1280w\" sizes=\"auto, (max-width: 1024px) 100vw, 1024px\" \/>\t\t\t\t\t\t\t\t\t\t\t\t\t\t\t<\/div>\n\t\t\t\t<\/div>\n\t\t\t\t\t<\/div>\n\t\t<\/div>\n\t\t\t\t<div class=\"elementor-column elementor-col-50 elementor-top-column elementor-element elementor-element-2208be2\" data-id=\"2208be2\" data-element_type=\"column\">\n\t\t\t<div class=\"elementor-widget-wrap elementor-element-populated\">\n\t\t\t\t\t\t\t\t<div class=\"elementor-element elementor-element-b4e2e4c elementor-widget elementor-widget-image\" data-id=\"b4e2e4c\" data-element_type=\"widget\" data-widget_type=\"image.default\">\n\t\t\t\t<div class=\"elementor-widget-container\">\n\t\t\t\t\t\t\t\t\t\t\t\t\t\t\t<img loading=\"lazy\" decoding=\"async\" width=\"768\" height=\"1024\" src=\"https:\/\/btgumiabroncs.hu\/wp-content\/uploads\/2022\/07\/IMG_5518-768x1024.jpg\" class=\"attachment-large size-large\" alt=\"\" srcset=\"https:\/\/btgumiabroncs.hu\/wp-content\/uploads\/2022\/07\/IMG_5518-768x1024.jpg 768w, https:\/\/btgumiabroncs.hu\/wp-content\/uploads\/2022\/07\/IMG_5518-225x300.jpg 225w, https:\/\/btgumiabroncs.hu\/wp-content\/uploads\/2022\/07\/IMG_5518-1152x1536.jpg 1152w, https:\/\/btgumiabroncs.hu\/wp-content\/uploads\/2022\/07\/IMG_5518-1536x2048.jpg 1536w, https:\/\/btgumiabroncs.hu\/wp-content\/uploads\/2022\/07\/IMG_5518-scaled.jpg 1920w\" sizes=\"auto, (max-width: 768px) 100vw, 768px\" \/>\t\t\t\t\t\t\t\t\t\t\t\t\t\t\t<\/div>\n\t\t\t\t<\/div>\n\t\t\t\t\t<\/div>\n\t\t<\/div>\n\t\t\t\t\t\t\t<\/div>\n\t\t<\/section>\n\t\t\t\t<section class=\"elementor-section elementor-top-section elementor-element elementor-element-7ff00b1 elementor-section-boxed elementor-section-height-default elementor-section-height-default\" data-id=\"7ff00b1\" data-element_type=\"section\">\n\t\t\t\t\t\t<div class=\"elementor-container elementor-column-gap-default\">\n\t\t\t\t\t<div class=\"elementor-column elementor-col-100 elementor-top-column elementor-element elementor-element-9b6b8ce\" data-id=\"9b6b8ce\" data-element_type=\"column\">\n\t\t\t<div class=\"elementor-widget-wrap elementor-element-populated\">\n\t\t\t\t\t\t\t\t<div class=\"elementor-element elementor-element-f9ae166 elementor-widget elementor-widget-image\" data-id=\"f9ae166\" data-element_type=\"widget\" data-widget_type=\"image.default\">\n\t\t\t\t<div class=\"elementor-widget-container\">\n\t\t\t\t\t\t\t\t\t\t\t\t\t\t\t<img loading=\"lazy\" decoding=\"async\" width=\"640\" height=\"640\" src=\"https:\/\/btgumiabroncs.hu\/wp-content\/uploads\/2022\/07\/IMG_9520.jpg\" class=\"attachment-large size-large\" alt=\"\" srcset=\"https:\/\/btgumiabroncs.hu\/wp-content\/uploads\/2022\/07\/IMG_9520.jpg 640w, https:\/\/btgumiabroncs.hu\/wp-content\/uploads\/2022\/07\/IMG_9520-300x300.jpg 300w, https:\/\/btgumiabroncs.hu\/wp-content\/uploads\/2022\/07\/IMG_9520-150x150.jpg 150w, https:\/\/btgumiabroncs.hu\/wp-content\/uploads\/2022\/07\/IMG_9520-600x600.jpg 600w\" sizes=\"auto, (max-width: 640px) 100vw, 640px\" \/>\t\t\t\t\t\t\t\t\t\t\t\t\t\t\t<\/div>\n\t\t\t\t<\/div>\n\t\t\t\t\t<\/div>\n\t\t<\/div>\n\t\t\t\t\t\t\t<\/div>\n\t\t<\/section>\n\t\t\t\t<section class=\"elementor-section elementor-top-section elementor-element elementor-element-411919c3 elementor-section-content-middle elementor-section-boxed elementor-section-height-default elementor-section-height-default\" data-id=\"411919c3\" data-element_type=\"section\">\n\t\t\t\t\t\t<div class=\"elementor-container elementor-column-gap-default\">\n\t\t\t\t\t<div class=\"elementor-column elementor-col-33 elementor-top-column elementor-element elementor-element-6df3c205\" data-id=\"6df3c205\" data-element_type=\"column\">\n\t\t\t<div class=\"elementor-widget-wrap elementor-element-populated\">\n\t\t\t\t\t\t\t\t<div class=\"elementor-element elementor-element-5552263b elementor-view-default elementor-widget elementor-widget-icon\" data-id=\"5552263b\" data-element_type=\"widget\" data-widget_type=\"icon.default\">\n\t\t\t\t<div class=\"elementor-widget-container\">\n\t\t\t\t\t<div class=\"elementor-icon-wrapper\">\n\t\t\t<a class=\"elementor-icon elementor-animation-push\" href=\"https:\/\/www.facebook.com\/gumiabroncsszerviz\/\">\n\t\t\t<i aria-hidden=\"true\" class=\"fab fa-facebook-square\"><\/i>\t\t\t<\/a>\n\t\t<\/div>\n\t\t\t\t<\/div>\n\t\t\t\t<\/div>\n\t\t\t\t\t<\/div>\n\t\t<\/div>\n\t\t\t\t<div class=\"elementor-column elementor-col-33 elementor-top-column elementor-element elementor-element-28ea7e00\" data-id=\"28ea7e00\" data-element_type=\"column\">\n\t\t\t<div class=\"elementor-widget-wrap elementor-element-populated\">\n\t\t\t\t\t\t\t\t<div class=\"elementor-element elementor-element-2f90bb28 elementor-view-default elementor-widget elementor-widget-icon\" data-id=\"2f90bb28\" data-element_type=\"widget\" data-widget_type=\"icon.default\">\n\t\t\t\t<div class=\"elementor-widget-container\">\n\t\t\t\t\t<div class=\"elementor-icon-wrapper\">\n\t\t\t<a class=\"elementor-icon elementor-animation-pulse\" href=\"https:\/\/www.google.com\/maps\/place\/BT+gumiabroncs+szerviz\/@48.0543928,20.3391804,16.75z\/data=!4m5!3m4!1s0x4740878116159d1d:0x731ae134684bc810!8m2!3d48.0545807!4d20.3409448\">\n\t\t\t<i aria-hidden=\"true\" class=\"fab fa-google\"><\/i>\t\t\t<\/a>\n\t\t<\/div>\n\t\t\t\t<\/div>\n\t\t\t\t<\/div>\n\t\t\t\t\t<\/div>\n\t\t<\/div>\n\t\t\t\t<div class=\"elementor-column elementor-col-33 elementor-top-column elementor-element elementor-element-5249dee5\" data-id=\"5249dee5\" data-element_type=\"column\">\n\t\t\t<div class=\"elementor-widget-wrap elementor-element-populated\">\n\t\t\t\t\t\t\t\t<div class=\"elementor-element elementor-element-3e6046aa elementor-view-default elementor-widget elementor-widget-icon\" data-id=\"3e6046aa\" data-element_type=\"widget\" data-widget_type=\"icon.default\">\n\t\t\t\t<div class=\"elementor-widget-container\">\n\t\t\t\t\t<div class=\"elementor-icon-wrapper\">\n\t\t\t<a class=\"elementor-icon elementor-animation-pulse\" href=\"http:\/\/btgumiabroncs@outlook.com\">\n\t\t\t<i aria-hidden=\"true\" class=\"far fa-envelope\"><\/i>\t\t\t<\/a>\n\t\t<\/div>\n\t\t\t\t<\/div>\n\t\t\t\t<\/div>\n\t\t\t\t\t<\/div>\n\t\t<\/div>\n\t\t\t\t\t\t\t<\/div>\n\t\t<\/section>\n\t\t\t\t<section class=\"elementor-section elementor-top-section elementor-element elementor-element-b070c3d elementor-section-boxed elementor-section-height-default elementor-section-height-default\" data-id=\"b070c3d\" data-element_type=\"section\">\n\t\t\t\t\t\t<div class=\"elementor-container elementor-column-gap-default\">\n\t\t\t\t\t<div class=\"elementor-column elementor-col-100 elementor-top-column elementor-element elementor-element-9d6efd1\" data-id=\"9d6efd1\" data-element_type=\"column\">\n\t\t\t<div class=\"elementor-widget-wrap elementor-element-populated\">\n\t\t\t\t\t\t\t\t<div class=\"elementor-element elementor-element-dfa6f99 elementor-widget elementor-widget-text-editor\" data-id=\"dfa6f99\" data-element_type=\"widget\" data-widget_type=\"text-editor.default\">\n\t\t\t\t<div class=\"elementor-widget-container\">\n\t\t\t\t\t\t\t<p style=\"text-align: center;\">@2022 Minden jog fenntartva<\/p>\t\t\t\t\t\t<\/div>\n\t\t\t\t<\/div>\n\t\t\t\t\t<\/div>\n\t\t<\/div>\n\t\t\t\t\t\t\t<\/div>\n\t\t<\/section>\n\t\t\t\t\t\t\t<\/div>\n\t\t","protected":false},"excerpt":{"rendered":"<p>-Gumiszerviz- 8-21coll-ig&#8211;Ker\u00e9k szerel\u00e9s\u00a0-Centr\u00edroz\u00e1s&#8211;Defektjav\u00edt\u00e1s&#8211;Gumiabroncsok \u00daj \u00e9s haszn\u00e1lt&#8211;Felnik \u00daj \u00e9s haszn\u00e1lt&#8211;Felnijav\u00edt\u00e1s&#8211;TPMS szerviz&#8211;Gumi Hotel&#8211;Kieg\u00e9sz\u00edt\u0151 eszk\u00f6z\u00f6k- ( ker\u00e9kcsavarok, szelepek, tehermentes\u00edt\u0151 gy\u0171r\u0171k, ker\u00e9knyom\u00e1s szenzorok) @2022 Minden jog fenntartva<\/p>\n","protected":false},"author":1,"featured_media":0,"parent":0,"menu_order":0,"comment_status":"closed","ping_status":"closed","template":"","meta":{"footnotes":""},"class_list":["post-954","page","type-page","status-publish","hentry","entry"],"_links":{"self":[{"href":"https:\/\/btgumiabroncs.hu\/index.php?rest_route=\/wp\/v2\/pages\/954","targetHints":{"allow":["GET"]}}],"collection":[{"href":"https:\/\/btgumiabroncs.hu\/index.php?rest_route=\/wp\/v2\/pages"}],"about":[{"href":"https:\/\/btgumiabroncs.hu\/index.php?rest_route=\/wp\/v2\/types\/page"}],"author":[{"embeddable":true,"href":"https:\/\/btgumiabroncs.hu\/index.php?rest_route=\/wp\/v2\/users\/1"}],"replies":[{"embeddable":true,"href":"https:\/\/btgumiabroncs.hu\/index.php?rest_route=%2Fwp%2Fv2%2Fcomments&post=954"}],"version-history":[{"count":191,"href":"https:\/\/btgumiabroncs.hu\/index.php?rest_route=\/wp\/v2\/pages\/954\/revisions"}],"predecessor-version":[{"id":2267,"href":"https:\/\/btgumiabroncs.hu\/index.php?rest_route=\/wp\/v2\/pages\/954\/revisions\/2267"}],"wp:attachment":[{"href":"https:\/\/btgumiabroncs.hu\/index.php?rest_route=%2Fwp%2Fv2%2Fmedia&parent=954"}],"curies":[{"name":"wp","href":"https:\/\/api.w.org\/{rel}","templated":true}]}}